Calculate the remainder when 940 is divided by 9.
4
Calculate the remainder when 91871 is divided by 58.
57
Calculate the remainder when 65663 is divided by 21887.
2
Calculate the remainder when 140461 is divided by 25.
11
What is the remainder when 31329 is divided by 173?
16
Calculate the remainder when 1606 is divided by 264.
22
Calculate the remainder when 395813 is divided by 36.
29
What is the remainder when 422 is divided by 139?
5
Calculate the remainder when 8363 is divided by 2638.
449
What is the remainder when 12008 is divided by 3917?
257
Calculate the remainder when 123656 is divided by 434.
400
What is the remainder when 1018 is divided by 258?
244
Calculate the remainder when 47354 is divided by 7883.
56
Calculate the remainder when 24318 is divided by 67.
64
What is the remainder when 26387 is divided by 3?
2
Calculate the remainder when 7210 is divided by 2375.
85
What is the remainder when 5639 is divided by 8?
7
Calculate the remainder when 18693 is divided by 367.
343
What is the remainder when 3892 is divided by 555?
7
Calculate the remainder when 4022 is divided by 2008.
6
Calculate the remainder when 7858 is divided by 2510.
328
What is the remainder when 11439 is divided by 951?
27
What is the remainder when 8501 is divided by 606?
17
Calculate the remainder when 8488 is divided by 485.
243
What is the remainder when 11922 is divided by 2384?
2
Calculate the remainder when 10792 is divided by 1174.
226
What is the remainder when 8039 is divided by 159?
89
What is the remainder when 8974 is divided by 175?
49
What is the remainder when 6987 is divided by 902?
673
Calculate the remainder when 84702 is divided by 45.
12
What is the remainder when 127825 is divided by 10?
5
Calculate the remainder when 29036 is divided by 409.
406
Calculate the remainder when 7831 is divided by 41.
0
What is the remainder when 41873 is divided by 399?
377
What is the remainder when 918510 is divided by 13?
8
What is the remainder when 66134 is divided by 642?
8
Calculate the remainder when 37526 is divided by 597.
512
Calculate the remainder when 61117 is divided by 43.
14
What is the remainder when 990 is divided by 36?
18
Calculate the remainder when 202292 is divided by 13.
12
What is the remainder when 29057 is divided by 7243?
85
Calculate the remainder when 609 is divided by 347.
262
What is the remainder when 23629 is divided by 4530?
979
Calculate the remainder when 87895 is divided by 46.
35
Calculate the remainder when 21615 is divided by 769.
83
What is the remainder when 77194 is divided by 28?
26
Calculate the remainder when 830 is divided by 142.
120
What is the remainder when 25110 is divided by 92?
86
Calculate the remainder when 521 is divided by 265.
256
What is the remainder when 72030 is divided by 36011?
8
What is the remainder when 3352 is divided by 238?
20
Calculate the remainder when 29002 is divided by 14492.
18
What is the remainder when 1319153 is divided by 86?
85
Calculate the remainder when 41931 is divided by 68.
43
Calculate the remainder when 160774 is divided by 22964.
26
Calculate the remainder when 36880 is divided by 12266.
82
What is the remainder when 1500 is divided by 458?
126
Calculate the remainder when 43599 is divided by 4796.
435
What is the remainder when 1043128 is divided by 29?
27
Calculate the remainder when 35745 is divided by 913.
138
What is the remainder when 9785 is divided by 256?
57
Calculate the remainder when 1896 is divided by 646.
604
What is the remainder when 220 is divided by 94?
32
Calculate the remainder when 18302 is divided by 447.
422
What is the remainder when 360 is divided by 33?
30
Calculate the remainder when 47782 is divided by 9550.
32
Calculate the remainder when 18948 is divided by 146.
114
Calculate the remainder when 32884 is divided by 43.
32
Calculate the remainder when 16774 is divided by 1050.
1024
Calculate the remainder when 9442 is divided by 16.
2
Calculate the remainder when 264021 is divided by 131953.
115
What is the remainder when 28868 is divided by 4123?
7
What is the remainder when 7006 is divided by 98?
48
What is the remainder when 2790 is divided by 54?
36
Calculate the remainder when 391931 is divided by 29.
25
What is the remainder when 673333 is divided by 711?
16
Calculate the remainder when 125431 is divided by 871.
7
What is the remainder when 82616 is divided by 27536?
8
What is the remainder when 2395 is divided by 21?
1
What is the remainder when 36447 is divided by 45?
42
Calculate the remainder when 6132 is divided by 3054.
24
Calculate the remainder when 5254 is divided by 313.
246
Calculate the remainder when 7000 is divided by 782.
744
Calculate the remainder when 4709235 is divided by 822.
819
What is the remainder when 112281 is divided by 36?
33
Calculate the remainder when 1236584 is divided by 11.
8
What is the remainder when 1106 is divided by 309?
179
Calculate the remainder when 491199 is divided by 143.
137
Calculate the remainder when 904473 is divided by 299.
297
Calculate the remainder when 12605 is divided by 258.
221
What is the remainder when 8379 is divided by 4090?
199
Calculate the remainder when 667839 is divided by 21.
18
What is the remainder when 1594 is divided by 603?
388
What is the remainder when 303299 is divided by 150?
149
Calculate the remainder when 55276 is divided by 13819.
0
Calculate the remainder when 82282 is divided by 6.
4
What is the remainder when 5650 is divided by 570?
520
Calculate the remainder when 583443 is divided by 268.
7
Calculate the remainder when 191062 is divided by 11.
3
What is the remainder when 1562 is divided by 362?
114
What is the remainder when 1495 is divided by 372?
7
What is the remainder when 15206 is divided by 299?
256
Calculate the remainder when 33672 is divided by 257.
5
What is the remainder when 515 is divided by 46?
9
What is the remainder when 13575 is divided by 661?
355
What is the remainder when 5865166 is divided by 142?
140
What is the remainder when 55916 is divided by 20?
16
What is the remainder when 22710 is divided by 320?
310
What is the remainder when 97794 is divided by 21?
18
What is the remainder when 261940 is divided by 87311?
7
What is the remainder when 3012 is divided by 748?
20
What is the remainder when 34694 is divided by 1566?
242
Calculate the remainder when 1850314 is divided by 12.
10
What is the remainder when 753 is divided by 164?
97
Calculate the remainder when 7914 is divided by 2453.
555
What is the remainder when 68389 is divided by 963?
16
What is the remainder when 7715 is divided by 46?
33
Calculate the remainder when 26590 is divided by 191.
41
What is the remainder when 1380 is divided by 457?
9
What is the remainder when 1689 is divided by 33?
6
What is the remainder when 12441 is divided by 6212?
17
Calculate the remainder when 16338 is divided by 16336.
2
Calculate the remainder when 6692 is divided by 1111.
26
Calculate the remainder when 88069 is divided by 87.
25
Calculate the remainder when 16337 is divided by 199.
19
What is the remainder when 387647 is divided by 19?
9
Calculate the remainder when 77858 is divided by 455.
53
What is the remainder when 72295 is divided by 87?
85
What is the remainder when 67512 is divided by 181?
180
Calculate the remainder when 13283 is divided by 246.
245
Calculate the remainder when 73169 is divided by 10430.
159
What is the remainder when 254114 is divided by 34?
32
Calculate the remainder when 647935 is divided by 16.
15
Calculate the remainder when 3090 is divided by 1541.
8
Calculate the remainder when 1032 is divided by 128.
8
What is the remainder when 58214 is divided by 1617?
2
Calculate the remainder when 5603 is divided by 1862.
17
Calculate the remainder when 3198 is divided by 1585.
28
Calculate the remainder when 32035 is divided by 37.
30
What is the remainder when 6369 is divided by 98?
97
Calculate the remainder when 18121 is divided by 1635.
136
What is the remainder when 4771 is divided by 1309?
844
What is the remainder when 1029970 is divided by 8?
2
What is the remainder when 4677 is divided by 438?
297
What is the remainder when 1352 is divided by 366?
254
What is the remainder when 9058 is divided by 4493?
72
What is the remainder when 5912761